{"id":4604,"date":"2023-09-23T11:26:24","date_gmt":"2023-09-23T11:26:24","guid":{"rendered":"https:\/\/www.sarahvonrickenbach.ch\/?post_type=product&#038;p=4604"},"modified":"2025-05-21T21:15:56","modified_gmt":"2025-05-21T21:15:56","slug":"waschbaer-auf-fahrrad-kunstdruck","status":"publish","type":"product","link":"https:\/\/www.sarahvonrickenbach.ch\/en\/shop\/waschbaer-auf-fahrrad-kunstdruck\/","title":{"rendered":"Waschb\u00e4r auf Fahrrad Kunstdruck"},"content":{"rendered":"","protected":false},"excerpt":{"rendered":"<p>Hochwertiger Gicl\u00e9e Kunstdruck in drei verschiedenen Gr\u00f6ssen zum Aufh\u00e4ngen als Wandbild.<\/p>\n","protected":false},"featured_media":5797,"template":"","meta":[],"product_brand":[],"product_cat":[126],"product_tag":[],"class_list":{"0":"post-4604","1":"product","2":"type-product","3":"status-publish","4":"has-post-thumbnail","6":"product_cat-kunstdrucke","7":"product_shipping_class-brief-b5","9":"first","10":"instock","11":"shipping-taxable","12":"purchasable","13":"product-type-variable"},"_links":{"self":[{"href":"https:\/\/www.sarahvonrickenbach.ch\/en\/wp-json\/wp\/v2\/product\/4604","targetHints":{"allow":["GET"]}}],"collection":[{"href":"https:\/\/www.sarahvonrickenbach.ch\/en\/wp-json\/wp\/v2\/product"}],"about":[{"href":"https:\/\/www.sarahvonrickenbach.ch\/en\/wp-json\/wp\/v2\/types\/product"}],"wp:featuredmedia":[{"embeddable":true,"href":"https:\/\/www.sarahvonrickenbach.ch\/en\/wp-json\/wp\/v2\/media\/5797"}],"wp:attachment":[{"href":"https:\/\/www.sarahvonrickenbach.ch\/en\/wp-json\/wp\/v2\/media?parent=4604"}],"wp:term":[{"taxonomy":"product_brand","embeddable":true,"href":"https:\/\/www.sarahvonrickenbach.ch\/en\/wp-json\/wp\/v2\/product_brand?post=4604"},{"taxonomy":"product_cat","embeddable":true,"href":"https:\/\/www.sarahvonrickenbach.ch\/en\/wp-json\/wp\/v2\/product_cat?post=4604"},{"taxonomy":"product_tag","embeddable":true,"href":"https:\/\/www.sarahvonrickenbach.ch\/en\/wp-json\/wp\/v2\/product_tag?post=4604"}],"curies":[{"name":"wp","href":"https:\/\/api.w.org\/{rel}","templated":true}]}}

Waschbär auf Fahrrad Kunstdruck

<p>Hochwertiger Giclée Kunstdruck in drei verschiedenen Grössen zum Aufhängen als Wandbild.</p>
